culate the remainder when 4759 is divided by 28.
27
What is the remainder when 105 is divided by 48?
9
What is the remainder when 259 is divided by 24?
19
What is the remainder when 312 is divided by 293?
19
What is the remainder when 160 is divided by 24?
16
Calculate the remainder when 368 is divided by 47.
39
Calculate the remainder when 660 is divided by 21.
9
What is the remainder when 210 is divided by 40?
10
What is the remainder when 2336 is divided by 25?
11
Calculate the remainder when 299 is divided by 28.
19
Calculate the remainder when 122 is divided by 42.
38
What is the remainder when 368 is divided by 49?
25
What is the remainder when 291 is divided by 10?
1
Calculate the remainder when 424 is divided by 145.
134
Calculate the remainder when 14733 is divided by 16.
13
What is the remainder when 1674 is divided by 556?
6
Calculate the remainder when 108 is divided by 6.
0
What is the remainder when 646 is divided by 323?
0
Calculate the remainder when 719 is divided by 700.
19
What is the remainder when 26 is divided by 10?
6
What is the remainder when 83 is divided by 24?
11
What is the remainder when 11253 is divided by 6?
3
Calculate the remainder when 7838 is divided by 16.
14
What is the remainder when 1051 is divided by 128?
27
Calculate the remainder when 68 is divided by 9.
5
Calculate the remainder when 167 is divided by 43.
38
Calculate the remainder when 212 is divided by 31.
26
Calculate the remainder when 674 is divided by 221.
11
Calculate the remainder when 683 is divided by 77.
67
Calculate the remainder when 186 is divided by 38.
34
Calculate the remainder when 3535 is divided by 15.
10
What is the remainder when 190 is divided by 20?
10
What is the remainder when 202 is divided by 7?
6
What is the remainder when 610 is divided by 46?
12
Calculate the remainder when 422 is divided by 51.
14
What is the remainder when 12 is divided by 4?
0
Calculate the remainder when 215 is divided by 44.
39
What is the remainder when 320 is divided by 311?
9
Calculate the remainder when 711 is divided by 51.
48
Calculate the remainder when 717 is divided by 142.
7
What is the remainder when 55228 is divided by 14?
12
Calculate the remainder when 101 is divided by 17.
16
What is the remainder when 88 is divided by 22?
0
What is the remainder when 166 is divided by 12?
10
Calculate the remainder when 607 is divided by 13.
9
What is the remainder when 30 is divided by 17?
13
Calculate the remainder when 68 is divided by 14.
12
What is the remainder when 836 is divided by 23?
8
Calculate the remainder when 5456 is divided by 45.
11
Calculate the remainder when 1165 is divided by 11.
10
What is the remainder when 548 is divided by 12?
8
Calculate the remainder when 64266 is divided by 9.
6
Calculate the remainder when 2400 is divided by 30.
0
What is the remainder when 1574 is divided by 780?
14
What is the remainder when 1907 is divided by 106?
105
Calculate the remainder when 2253 is divided by 94.
91
Calculate the remainder when 5195 is divided by 208.
203
What is the remainder when 2573 is divided by 103?
101
Calculate the remainder when 1521 is divided by 254.
251
What is the remainder when 386 is divided by 137?
112
What is the remainder when 457 is divided by 98?
65
What is the remainder when 5421 is divided by 113?
110
Calculate the remainder when 105 is divided by 42.
21
What is the remainder when 190 is divided by 64?
62
What is the remainder when 246 is divided by 66?
48
Calculate the remainder when 353 is divided by 17.
13
Calculate the remainder when 156 is divided by 8.
4
What is the remainder when 149 is divided by 56?
37
Calculate the remainder when 1335 is divided by 80.
55
What is the remainder when 543 is divided by 34?
33
What is the remainder when 1302 is divided by 107?
18
Calculate the remainder when 1456 is divided by 12.
4
What is the remainder when 432 is divided by 106?
8
Calculate the remainder when 52523 is divided by 9.
8
Calculate the remainder when 60 is divided by 46.
14
Calculate the remainder when 430 is divided by 66.
34
What is the remainder when 201 is divided by 53?
42
Calculate the remainder when 237 is divided by 32.
13
What is the remainder when 3158 is divided by 27?
26
What is the remainder when 2091 is divided by 1044?
3
What is the remainder when 1646 is divided by 103?
101
Calculate the remainder when 78 is divided by 33.
12
Calculate the remainder when 274 is divided by 29.
13
Calculate the remainder when 820 is divided by 215.
175
What is the remainder when 855 is divided by 75?
30
Calculate the remainder when 4556 is divided by 93.
92
What is the remainder when 453 is divided by 60?
33
Calculate the remainder when 1235 is divided by 156.
143
Calculate the remainder when 361 is divided by 14.
11
Calculate the remainder when 15418 is divided by 22.
18
Calculate the remainder when 183 is divided by 130.
53
Calculate the remainder when 161 is divided by 15.
11
What is the remainder when 304 is divided by 129?
46
Calculate the remainder when 1270 is divided by 12.
10
What is the remainder when 7713 is divided by 22?
13
Calculate the remainder when 45 is divided by 24.
21
What is the remainder when 467 is divided by 69?
53
Calculate the remainder when 35 is divided by 12.
11
Calculate the remainder when 43 is divided by 31.
12
Calculate the remainder when 547 is divided by 70.
57
Calculate the remainder when 257 is divided by 78.
23
What is the remainder when 184 is divided by 38?
32
What is the remainder when 285 is divided by 9?
6
What is the remainder when 166 is divided by 60?
46
Calculate the remainder when 6333 is divided by 176.
173
What is the remainder when 63 is divided by 17?
12
Calculate the remainder when 2798 is divided by 39.
29
What is the remainder when 102 is divided by 54?
48
Calculate the remainder when 1701 is divided by 431.
408
Calculate the remainder when 201 is divided by 5.
1
Calculate the remainder when 2925 is divided by 89.
77
Calculate the remainder when 361 is divided by 186.
175
What is the remainder when 109 is divided by 19?
14
Calculate the remainder when 3892 is divided by 66.
64
What is the remainder when 661 is divided by 101?
55
What is the remainder when 314 is divided by 136?
42
What is the remainder when 1199 is divided by 86?
81
What is the remainder when 137 is divided by 35?
32
What is the remainder when 146 is divided by 32?
18
What is the remainder when 439 is divided by 219?
1
What is the remainder when 44 is divided by 3?
2
Calculate the remainder when 84 is divided by 76.
8
What is the remainder when 123 is divided by 18?
15
Calculate the remainder when 1285 is divided by 68.
61
What is the remainder when 67318 is divided by 23?
20
What is the remainder when 97 is divided by 3?
1
Calculate the remainder when 458 is divided by 120.
98
Calculate the remainder when 579 is divided by 211.
157
What is the remainder when 2325 is divided by 12?
9
Calculate the remainder when 80 is divided by 42.
38
What is the remainder when 1279 is divided by 102?
55
Calculate the remainder when 303 is divided by 22.
17
Calculate the remainder when 136 is divided by 50.
36
Calculate the remainder when 8565 is divided by 51.
48
What is the remainder when 88 is divided by 7?
4
Calculate the remainder when 2697 is divided by 27.
24
What is the remainder when 8848 is divided by 15?
13
Calculate the remainder when 227 is divided by 34.
23
Calculate the remainder when 302 is divided by 76.
74
What is the remainder when 51800 is divided by 118?
116
Calculate the remainder when 169 is divided by 6.
1
Calculate the remainder when 359 is divided by 33.
29
Calculate the remainder when 209 is divided by 72.
65
Calculate the remainder when 74 is divided by 16.
10
What is the remainder when 259 is divided by 127?
5
What is the remainder when 2031 is divided by 670?
21
What is the remainder when 89 is divided by 18?
17
What is the remainder when 7398 is divided by 49?
48
What is the remainder when 354 is divided by 92?
78
Calculate the remainder when 349 is divided by 14.
13
What is the remainder when 7045 is divided by 30?
25
Calculate the remainder when 1378 is divided by 687.
4
Calculate the remainder when 185 is divided by 48.
41
Calculate the remainder when 864 is div